ulate 78 + (11 - -32) + -85.
36
Evaluate 4 - (-19 - (21 + 9 + -63)).
-10
What is -41 + 31 + -23 + 50?
17
Calculate (286 - 203) + -25 + -9.
49
Calculate (-18 - (8 - 52)) + -27.
-1
What is the value of -26 + (24 - 6) + -6 + (10 - 69 - -8)?
-65
Evaluate (10 - (-12 + 26) - 22) + (-14 - -18).
-22
Calculate 17 + (29 - 11) + -68.
-33
What is 2 + 5 + -51 + 39 + 72?
67
What is the value of 9 - (8 + 10 + -18) - (31 - 3)?
-19
What is the value of 130 + -245 - -105 - (46 - (2 + -2 - -3))?
-53
Evaluate 20 - (16 - (-30 - -40 - 1)).
13
4 + 1 + (72 - -1) + 156 + -170
64
What is the value of 11 - ((-32 - -7 - -68) + -99)?
67
What is the value of 42 + (22 - 21 - 39) + -88 + (2 - 1)?
-83
Calculate -24 - (-24 + (-28 + 38 - -77)).
-87
Calculate (-12 - -2 - -12) + (8 - 4) + -25.
-19
What is the value of (-59 - -9) + (206 - 179)?
-23
What is (-586 - -615) + 0 + -6 + 101?
124
What is the value of (3 - 3 - (-7 + -2)) + (35 - 89)?
-45
Evaluate (51 + -7 - 47) + (-1 - 9) - (1 - 0).
-14
What is 11 + -7 + 9 - ((-9 - 0) + -15)?
37
Evaluate 0 + 31 - -4 - (-18 + 10).
43
Calculate -57 + (6 - -9 - (14 - (6 - -1))).
-49
Calculate (26 - 3) + -56 + 17.
-16
Evaluate (265 - 154) + -289 - -91.
-87
What is -44 + (22 - -78) - 92?
-36
What is (0 + -32 - -83 - 22) + -105?
-76
6 + 83 + (-13 - (-2 - (-14 - -24) - 4))
92
(335 - 327) + (4 - 63)
-51
What is (-9 - -15) + (-26 - ((13 - (28 - -3)) + 5))?
-7
What is the value of (-136 - -66) + 70 + (-1 - ((1 - -2) + 1))?
-5
Calculate 34 + (-64 - -45 - 32).
-17
Evaluate (20 - 36 - -42) + -37.
-11
Calculate -27 - -5 - -15 - (-21 + 19 + 0).
-5
Evaluate -11 + -55 + -94 + 208.
48
What is the value of 6 + -12 + 8 - -10 - (-20 + 28 - -100)?
-96
-14 - (25 + -20 + -35) - -18
34
9 - (-56 + 57 + (12 - (8 - 2)) + -5)
7
What is the value of (102 - 163) + 61 + -49?
-49
Calculate -101 - (10 - 43) - 23.
-91
What is the value of 27 + -43 + 47 + 5 - 49?
-13
What is 15 + (-24 - 43 - -33)?
-19
Evaluate 51 - (-38 - (41 + -162)).
-32
11 + -32 + (-12 - -78)
45
What is the value of (-10 - (7 + 2 - -21)) + (-17 - -6) + -5?
-56
What is the value of -17 + (-55 - -103 - 45)?
-14
What is the value of -17 - (14 + -18) - (-44 - -8)?
23
What is -14 + -3 + -3 + (-15 + -15 + 25 - -7)?
-18
What is the value of 2 + 1 + (-14 + 1 - -6) - -35?
31
Evaluate -3 + (-5 - ((-13 - -11) + -8) - -1).
3
Evaluate -22 + -40 + 2 + 91.
31
Calculate 79 - (2 + -12 + (0 - (-8 - (-7 - 2)))).
90
5357 + -5382 - (-1 - 57)
33
65 + -32 + -42 + 1 + 20
12
Calculate (-7 - -4) + -23 + 15 - -70.
59
What is 3 + -79 + -51 + 48 + -6 + 0 + 10?
-75
Calculate (-65 - -11) + 59 - (-120 - (3 - 4 - -1)).
125
(-9 + -3 - (-6 + -13 - 8)) + 5
20
Evaluate -40 - (40 + -18 - 31).
-31
What is the value of (-7 - (-12 - -7 - 4)) + 2 - 48?
-44
Calculate (-5 - (-17 + 3) - -9) + -4 + -2.
12
What is 5 + (74 + -5 - 28) + -33?
13
Evaluate 33 + ((-26 - -36) + 26 - -3).
72
Evaluate -2 + 137 + -4 + (-5 - (-9 + -10 + 17)).
128
1 - (0 + 6) - (-8 + -7) - 0
10
Calculate 3 - 0 - ((0 - -1) + (-125 - -89)).
38
17 + 33 - 6 - 73
-29
What is the value of -15 + (-4 - -10) - (19 + 3 + -4)?
-27
What is the value of 30 - (3 + 33) - 52 - -2?
-56
Calculate -48 + -1 + -509 + 526.
-32
Calculate 35 - -1 - ((-37 - 49) + 75).
47
Calculate (-92 - -142) + -1 + 9.
58
What is the value of (-22 - -13) + (-9 - (2 - (-1 - 45)))?
-66
What is -9 + -200 - (245 + -363)?
-91
Calculate 37 + -38 + (3 - (-34 + -1) - 1).
36
What is -11 + (-96 + -8 - -146)?
31
-45 - ((59 + -72 - (2 + -26)) + -4 + -2)
-50
Evaluate 8 - (-90 + (26 - -74) - (-67 - -2 - 1)).
-68
Calculate (80 + 55 - 50) + -123.
-38
What is the value of -15 + 11 + (-7 - -30) + -29?
-10
What is the value of (-75 - 1) + (-13 - (-15 - -22 - 16)) + 10?
-70
Calculate 129 + -56 + 40 - (1 - (-4 - (5 + -4))).
107
Evaluate 11 - -3 - (-44 - (-2 - 32)).
24
What is (89 + -51 - 37) + -1 + 16 + 2?
18
Calculate -47 + 102 + (17 - 68).
4
Calculate 28 - (11 - 5 - -65) - (-1 + 0) - -6.
-36
What is 111 + (2 - 71 - -12)?
54
What is the value of 51 + -33 + -4 + -2 - (-2 + -9 + 3)?
20
What is the value of 0 + -65 + 423 + -443 - (9 + 2)?
-96
(6 + 4 - 20) + 11
1
Evaluate -9 - (-76 - -17) - (2 - (2 - -1)).
51
What is 77 - (79 - 75) - 15?
58
What is (-5 - (7 + (-4 + 1 - 8))) + 12 + 57?
68
What is the value of -147 - -66 - (-68 + 9)?
-22
Calculate (-74 - -21) + 67 - (-9 + 0).
23
Calculate -29 + 43 + 17 - (-2 + 0 + -1).
34
Evaluate 8 - (32 + -13 + -35 + -42).
66
Calculate 23 + -19 + -51 + 17.
-30
41 + -1 - (2227 - 2208)
21
Evaluate (-156 - -155) + (22 + 1 - (-7 - -9)) + -2.
18
(-3 - 125) + 101 - 111
-138
-29 - 0 - -24 - -11 - -1
7
(4 - (12 - 1)) + (-10 - (-1 - 24))
8
What is 0 + (-14 - -1) - (-275 + (-390 - -644))?
8
What is the value of 30 - (89 - 59 - 15)?
15
What is the value of -12 - (-22 + -44 - 8)?
62
What is the value of -60 + (137 - 69) + 1 + -55?
-46
-17 + -26 + 35 - -37
29
Calculate (-1 + -2 - -2) + (120 - 84) + -81.
-46
What is the value of 3 + (-11 - -11 - 3) + -22?
-22
-4 + (9 - -7) + -99 + 30
-57
Evaluate 2 - ((0 - 0) + (1 - -7) + (-454 - -456)).
-8
Calculate 55 + (-6 - (15 + -2 - 12)).
48
What is the value of -3 - (-23 - (12 - 28))?
4
What is the value of -5 + (3 - (12 + (2 - 8 - (-61 - -58))))?
-11
(-5 - (-64 + -14) - (-21 + 2)) + 2 + 12
106
Evaluate 32 - 43 - ((-3 - 9) + 68).
-67
Evaluate 46 + (-55 + 54 - 54).
-9
Calculate 33 + 4 + -2 + (65 - (105 + -40)).
35
What is (-1 + 2 - 15) + (47 - -2) + -31?
4
What is the value of -3 - (45 - (5 + 21)) - 2?
-24
What is -16 + 137 + -124 + (1 - 4)?
-6
Calculate (-6 - (-6 + 4) - -2) + (-12 - -21) + -1.
6
What is the value of (7 - (-3 - (-13 - -17))) + -24 + 52?
42
What is the value of 86 - (-41 + 61 + 63)?
3
Calculate -55 - (18 + -11) - (0 - 8 - -1).
-55
-3 + (60 - (9 + -4 + (-5 - -21 - 23)))
59
What is the value of 35 + 1 + (-48 + 121 - 45)?
64
What is the value of -22 - (-33 - 6) - (8 - 33)?
42
(-22 - -4 - (17 + -119)) + -14 + 2 + -1
71
Calculate 0 + (-11 + 1 - -5) - (-59 + 66 + 80).
-92
Evaluate (289 - 194) + -111 + (-20 + 1 - 0).
-35
What is -5 + (12 - -1) + (-29 - -10) + -1?
-12
Calculate (6 - -47) + 5 + -11 + 0 + 1 + -3.
45
Evaluate 13 - -59 - (1452 + -1311).
-69
-3 + 14 + 32 + -33 + (-48 - -18)
-20
(10 - 20) + (13 - (4 - 7))
6
What is (4 - 16 - 4) + 46 + -12 + 18?
36
37 + -4 + (1 - (-12 - (-2 - 9)))
35
What is the value of 2 + -4 + 3 + 152 + -54?
99
(-17 - -52) + (88 - 153)
-30
What is the value of 21 + 15 + 4 + (-9 - 10) + 11?
32
What is -151 + -8 - -155 - (1 + -112 - 0)?
107
(-15 - -119) + (-66 - -36) + -12
62
What is the value of (20 + -37 - -17) + 21 + 16?
37
Calculate -13 - ((23 - 11) + 1 + -13 + (11 - 19)).
-5
-38 - (2 - 2 - (-58 + 61))
-35
Evaluate 17 + (3 - (-13 + 3)) + -27.
3
10 + 19 + 0 + (-180 - -148)
-3
Evaluate -43 + 3 + (-1310 - -1360).
10
-143 + 109 + 38 + (0 - (-2 + -60 + 2))
64
What is the value of (166 - (-84 - -139 - 0)) + (11 - -1) + 0?
123
Calculate 16 + (1 - (-5 + 0) - 7) - 0.
15
What is the value of (-24 - 1) + -745 + 741?
-29
Evaluate -1416 + 1425 - (-2 + (5 - (4 - 1)) - 13).
22
Evaluate -4 + ((7 + -9 - 11) + 49 - 13).
19
Evaluate 3 + -5 + 36 - (-128 - -47).
115
Calculate -83 - -1 - (-7 + 24 + (38 - -1) + -52).
-86
What is 16 + (-119 - (-77 + 75 + -32))?
-69
What is the value of 47 + -37 + (-5 - ((3 - (-1 - 3)) + -4))?
2
Calculate (-19 - 1) + (-192 - (-127 + 5)).
-90
What is the value of -96 - 1 - (-733 - -711)?
-75
Evaluate (41 + -87 - -75) + 7 + -1.
35
What is 53 + (22 - 44) + 8?
39
What is the value of 4 + 16 + (-11 - (-17 - -22)) + 0 + -6?
-2
-8 + (4 - -32) + 19 - (0 + 8)
39
Evaluate 9 - (26 - -1 - 31) - 68.
-55
Calculate (-2292 - -2262) + (-61 - (3 - -1)).
-95
Evaluate 0 + -3 - (2 - 8 - -41).
-38
What is (26 - (36 + 29)) + 42?
3
What is 45 + (-39 - (18 + -34)) - -5?
27
(0 - 7) + -162 + 146 + -2 + 17
-8
6 - (0 + 28) - (2 + -32 + 5)
3
Calculate -14 - (61 + (96 - 55)).
-116
-109 + 66 + 42 + 8 + -9 + (-2 - -42)
38
What is the value of 1 - 0 - 7 - (-50906 - -50900)?
0
Evaluate -17 + (-5 - -45 - 30).
-7
What is the value of (12 + (-25 - -16) - 14) + (6 - 58) + 4?
-59
Evaluate (9 - -14 - (137 - (-8 - -6))) + -18.
-134
Evaluate -36 + (-61 - 5) + -8 + 9 + (-2 - 1).
-104
Calculate 6 + -23 + (10 - 6) - 29.
-42
What is the value of -154 + 106 - (-63 - 9)?
24
Calculate 24 + -19 + -39 - -88.
54
Evaluate (-201 - -278 - (23 + 0)) + 20 + 2 + -4.
72
What is the value o